e tens digit of q?
9
Let j = -159 + 466. What is the tens digit of j?
0
Suppose 20*y - 15*y + 10 = 0. What is the tens digit of 74 + (y + -4)/(-2)?
7
What is the hundreds digit of ((-942)/(-4))/((-102)/(-68))?
1
Suppose -3*g + 30 = i - 4*i, -5 = -5*g - 4*i. Suppose -800 = -0*n - g*n. Suppose 5*p - 3*u = n, 2*p - 89 + 25 = -3*u. What is the tens digit of p?
3
Let q(m) = -m**2 + 16*m - 12. Let p be q(15). Suppose 0 = p*h - 22 - 20. What is the tens digit of h?
1
Suppose -d - 28 = 2*n - 4*n, 0 = -d - 5*n + 7. Let k = d + 302. What is the units digit of k?
4
Let d be (-87)/(-15) + 7/35. What is the tens digit of (3/d*-37)/(1/(-6))?
1
Let c be 2*(-2)/4*-204. Let r = -63 + c. Suppose q + 3*d = 36, -2*d + r = 3*q + 2*q. What is the tens digit of q?
2
What is the tens digit of (18/(432/1734))/(1/4)?
8
Let v(a) = a**2 + 24*a + 40. Let g be v(-25). Let l = g - -61. What is the units digit of l?
6
Let o = 21 + -18. What is the units digit of 1*o/6*138?
9
Let q(f) = 2*f**2 + 14*f. Let r be q(-7). Suppose r = -4*o + 7*o - 204. What is the units digit of o?
8
Let i(r) = 2*r**3 + 34*r**2 - 24*r - 20. What is the units digit of i(-17)?
8
Let b(l) = -4*l + 48. Let o(m) = -3*m**2 - 16*m - 7. Let f be o(-6). What is the tens digit of b(f)?
2
What is the tens digit of 10/6*21933/15?
3
Suppose -x + 11 = -46. Suppose x = 4*g - 5*u, 3*u + 16 - 1 = 0. Suppose g = -3*q + 47. What is the units digit of q?
3
Let z = 41 - 38. Suppose z*l - 260 = -2*l. What is the units digit of l?
2
Suppose 0 = 3*n + 2142 - 5337. What is the units digit of n?
5
Let a(n) = -n**2 - n + 18. Let m be a(-4). Suppose 0 = -b - m*x + 3*x + 102, 0 = -5*x - 15. What is the tens digit of b?
1
Let q = 20 + -18. Let u = 5 - q. Suppose -m = -u - 27. What is the tens digit of m?
3
Let b(a) be the second derivative of 3/2*a**2 + 4*a + 0 + 5/3*a**3 + 1/6*a**4. What is the units digit of b(-7)?
1
Let i = 12 - 15. Let j be ((-1)/i)/(5/45). What is the units digit of j/7 + (-60)/(-7)?
9
Suppose 0 = -2*r - 6*r + 32. Suppose h = -3*u + 115, 2*u + r*h = 35 + 25. What is the tens digit of u?
4
Suppose 5*z + 10 - 20 = 0, -4*z = -4*f + 13640. What is the hundreds digit of f?
4
Let y(c) = -c + 1. Let z(g) = 26. Let a(u) = -3*y(u) + 3*z(u). What is the tens digit of a(0)?
7
Let m = 1070 + -25. What is the thousands digit of m?
1
Let n = -2 - -54. Let g = 246 - 227. Suppose g = -k + n. What is the units digit of k?
3
Let p = 22 - 43. Suppose 96 = 3*c - c. Let t = p + c. What is the tens digit of t?
2
Suppose 0 = -0*g + 5*g - 15. Suppose 0 = a + j - 97, 0*a - 2*a + g*j = -174. What is the tens digit of a?
9
Let i(k) = -k**3 - 7*k**2 - 3*k - 9. Let a be i(-3). What is the hundreds digit of a/64*(-8)/(-6)*-292?
2
Suppose 6*t = 2*t - 428. Let m = 205 + t. What is the tens digit of m?
9
Let r(k) = -1. Let c(p) = 8*p - 7. Let h(f) = c(f) + 4*r(f). Let y(s) = -s**3 + 9*s**2 - 5*s - 15. Let w be y(8). What is the tens digit of h(w)?
6
Suppose -6*t - 4217 = -11*t - 4*j, 2*j = -t + 847. What is the hundreds digit of t?
8
What is the tens digit of ((-1830)/(-7))/((-48)/(-336))?
3
Let p = 9 - 4. Let d(o) be the second derivative of o**5/20 - o**4/3 - 7*o**2/2 + o. What is the units digit of d(p)?
8
Let f(x) = 5*x**2 + 1. Let r(u) = u**2 + u + 1. Let l be r(0). Let z be f(l). Let b(c) = -c**3 + 7*c**2 - 4*c - 2. What is the units digit of b(z)?
0
Suppose 3*f - f = 162. Let a = 41 - f. Let w = a - -68. What is the tens digit of w?
2
Suppose -74 = -y - 3*f, -2*f + 1 + 3 = 0. Suppose 3*c = -3*p + 195, 4*c = -p - 0*p + y. What is the tens digit of p?
6
Let n(c) = c**2 + 11*c - 11. Let j be n(-12). Let k(y) = -17*y - 4. Let z(w) = -50*w - 11. Let v(b) = 11*k(b) - 4*z(b). What is the units digit of v(j)?
3
Let z(o) = o**2 - 7*o - 2. Let m be z(9). Suppose u + 4 = 3*g, -u - 3*g + m = 4*u. Suppose u*h = 15 + 35. What is the tens digit of h?
2
Let a = 7747 - 5134. What is the units digit of a?
3
Let o = -1665 + 3807. What is the thousands digit of o?
2
What is the tens digit of ((-31 - -6)/(-5) + -1527)/(-2)?
6
What is the tens digit of ((-42)/(-7) + -48)*32/(-3)?
4
Let x(a) be the first derivative of a**6/72 + a**5/120 + a**4/8 - 4*a**3/3 + 6. Let s(u) be the third derivative of x(u). What is the tens digit of s(-3)?
4
Let x(a) = a**3 - 5*a**2 - 8*a + 12. Let v be x(6). Suppose l - 5*l + 216 = v. What is the tens digit of l?
5
Let l(y) be the second derivative of 3*y + 9/2*y**2 + 1/6*y**3 + 0. What is the units digit of l(-4)?
5
Suppose -w = -5*h - 906, -4*w + 3590 = -0*w - 3*h. What is the hundreds digit of w?
8
Let p(l) = 2*l**2 + 3*l + 10. Let w(j) = 4*j**2 + 6*j + 19. Let n(h) = -11*p(h) + 6*w(h). Let q be n(-9). Let u = q + -98. What is the units digit of u?
1
Suppose 3*p + a = 710, 0*p + 2*a - 472 = -2*p. What is the tens digit of p?
3
Let y = -23 - -13. Let a be (0 + -3)*(-50)/y. Let m = -14 - a. What is the units digit of m?
1
Let r = -1439 + 3284. What is the units digit of r?
5
Let r(w) = w - 36. Let k(z) = -7. Let b(d) = 11*k(d) - 2*r(d). Let y(s) = 3*s + 6. Let l(t) = -4*b(t) - 3*y(t). What is the tens digit of l(-10)?
1
Suppose 5*k + 19*p = 18*p + 2624, 3*p = 12. What is the tens digit of k?
2
Let s = 2155 - 1287. What is the tens digit of s?
6
Suppose -5*r + 6*h - 4*h = -6940, -2*r - 2*h = -2776. What is the units digit of r?
8
Let j = -1 - -5. Suppose -j*w + 145 = 29. What is the tens digit of w?
2
Let r(d) = 30*d**2 + d - 10. What is the units digit of r(5)?
5
Suppose 12 = 3*k + 3. Let f(c) = 7 - 4*c - c**k - 3*c - 11*c**2 + 5*c. What is the tens digit of f(-11)?
2
Let u(m) = 862*m + 57. What is the thousands digit of u(3)?
2
Let f(a) = a**2 - 2*a - 2. Let b be f(-2). Suppose 2*n + 4 = -2*q, 0 = -4*q - 2 - b. Suppose -5*g = -n*g - 130. What is the tens digit of g?
2
Suppose 7*r = 2*r + 130. Suppose y - r = 3*k, -k - 8 + 25 = 2*y. Let n = 12 + y. What is the tens digit of n?
2
Let d = 32 + -97. Let f = 213 + d. What is the tens digit of f?
4
Let b(n) = 3*n**2 + 6*n + 3. Let z be ((-2)/(-4))/((-14)/(-56)). Suppose -6*y = -z*y + 3*w + 30, -4*w = 8. What is the units digit of b(y)?
5
Suppose -z - 4*u + 17 = 0, 2*z - 6*z - 5*u + 35 = 0. Let k = -1 - -8. Suppose -3*o = -k - z. What is the units digit of o?
4
Let y(d) = 5*d**3 - 5*d**2 + 2*d + 1. Let l be y(3). Suppose 4*m + l = 5*m - 4*j, -4*j + 129 = m. Suppose m = 4*t + 41. What is the tens digit of t?
1
Suppose 5*t + 5 = 3*n, 3*t + 18 = -3*n - 9. Let m be (-6)/t - 9/(-6). Let y(a) = 5*a + 2. What is the units digit of y(m)?
7
Let z = -2 - 9. Let h = 69 - z. What is the units digit of h?
0
Suppose 3*r - 4*r = 0. Suppose 233 = 5*i - d - 0*d, r = -i + d + 49. What is the tens digit of i?
4
Let c = -473 - -2780. What is the tens digit of c?
0
Suppose -8*t = -4*k - 4*t - 4620, -5 = -t. What is the tens digit of (-1)/(-6) + k/(-12)?
9
Let a(j) = j**3 + 14*j**2 + 4*j + 58. Let x be a(-14). Suppose 3*f - 3*m - 154 = 2*m, x*f = 3*m + 101. What is the units digit of f?
3
Let y be (-4)/(-2) - (-9)/(-1). Let o(x) = -x**2 - 8*x - 4. Let i be o(y). Suppose 3*d - i*j - 18 = -j, 0 = -2*d + 2*j + 10. What is the units digit of d?
8
Suppose 2*d + 8 = -0*d. What is the units digit of 26 - (d - -1)/3?
7
Let k(y) = 72*y + 2. Let u = 20 - 19. Let r be k(u). Suppose j = 5*a + r, -a + 5*a - 4 = 0. What is the tens digit of j?
7
Let b(p) = -2*p**3 + 9*p**2 - 13*p + 13. Let r(o) = -o**3 + o**2 - o + 1. Let u(l) = -b(l) + r(l). What is the units digit of u(8)?
4
Let d(h) be the first derivative of -h**2/2 + 14*h - 18. What is the tens digit of d(-2)?
1
Suppose v = 5*g - 1286, 2*g + 10*v - 7*v = 511. What is the units digit of g?
7
Suppose -50*u + 40*u = 0. Let h(b) = -b**3 + b + 24 + 18 + 13. What is the tens digit of h(u)?
5
Suppose 122 = 4*d - 5*o, 5*d - d - 106 = -3*o. Let k be (d/21)/(4/9). Suppose 0*u = 2*i - 3*u - 82, -i - k*u = -59. What is the tens digit of i?
4
Let q(g) be the third derivative of g**5/30 + g**4/6 + g**3 + 13*g**2 - 4. Let u = -4 + 1. What is the units digit of q(u)?
2
Suppose -14 = -8*v + 7*v. What is the units digit of (-1294)/(-14) - (20/v - 1)?
2
Suppose -4*u = -0*z - 3*z + 2398, -3*u = 3*z - 2433. What is the tens digit of z?
0
Let v(s) = s**2 - 3*s + 14. Let o be v(13). Suppose -o = -3*z - z. What is the units digit of z?
6
Let q be (-6)/16 - (-11)/8. What is the u